vert 3cac (base 16) to base 13.
70ba
Convert 431 (base 13) to base 6.
3152
What is -527 (base 16) in base 8?
-2447
What is -147 (base 15) in base 6?
-1204
What is -13320000 (base 4) in base 9?
-48220
2021 (base 3) to base 8
75
What is -615 (base 8) in base 13?
-247
Convert -6b3 (base 12) to base 9.
-1330
What is 2a41 (base 12) in base 9?
6704
221 (base 9) to base 3
20201
What is -1011011100000 (base 2) in base 13?
-2886
What is 21003 (base 4) in base 13?
357
-2100 (base 6) to base 16
-1d4
What is -12131 (base 6) in base 8?
-3367
-1223 (base 7) to base 14
-24a
Convert 51b4 (base 15) to base 16.
4375
Convert -1014 (base 9) to base 6.
-3234
What is -1233023 (base 4) in base 7?
-26513
Convert 13ca0 (base 13) to base 15.
b0c5
2014 (base 5) to base 2
100000011
Convert 141 (base 5) to base 16.
2e
What is -3032312 (base 4) in base 5?
-410423
114 (base 8) to base 15
51
Convert 1035 (base 10) to base 5.
13120
What is -33330 (base 5) in base 6?
-14500
What is -212130 (base 4) in base 5?
-34320
100201010 (base 3) to base 10
7077
Convert 10644 (base 7) to base 11.
205a
What is -104335 (base 7) in base 12?
-a754
Convert -3223 (base 7) to base 16.
-478
What is -2a7 (base 13) in base 14?
-25d
Convert 2ca (base 15) to base 12.
454
Convert -11 (base 7) to base 5.
-13
Convert -731 (base 8) to base 5.
-3343
What is 35012 (base 7) in base 16?
22df
Convert 669 (base 12) to base 10.
945
Convert 13122 (base 5) to base 16.
40d
What is 530 (base 6) in base 9?
240
22347 (base 8) to base 16
24e7
Convert -7738 (base 15) to base 10.
-25253
861 (base 10) to base 11
713
Convert 4d01 (base 14) to base 16.
34d5
Convert -14130 (base 5) to base 2.
-10010001101
Convert 8474 (base 11) to base 15.
34c8
-310212 (base 4) to base 6
-23330
What is -1768 (base 12) in base 14?
-1052
What is 2a0 (base 12) in base 14?
212
Convert -1121 (base 5) to base 16.
-a1
What is -2020 (base 12) in base 10?
-3480
What is b57 (base 16) in base 7?
11315
6168 (base 10) to base 16
1818
What is 22202 (base 6) in base 15?
db8
-62363 (base 7) to base 10
-15284
15555 (base 6) to base 12
15bb
c348 (base 13) to base 8
64463
-850 (base 12) to base 16
-4bc
Convert 27506 (base 9) to base 3.
221120020
What is 12606 (base 7) in base 14?
133d
What is 110122 (base 3) in base 2?
101010101
What is -44411 (base 6) in base 11?
-4726
Convert 240400 (base 5) to base 13.
404a
Convert -101111111100 (base 2) to base 4.
-233330
1632 (base 7) to base 2
1010010100
What is 112021 (base 3) in base 9?
467
Convert -676 (base 16) to base 2.
-11001110110
21180 (base 9) to base 12
8130
What is -948 (base 12) in base 4?
-111020
33835 (base 9) to base 11
15a40
4d2 (base 15) to base 12
775
7ac0 (base 15) to base 7
135651
Convert -2030212 (base 4) to base 12.
-525a
What is -6615 (base 7) in base 15?
-a79
-30 (base 14) to base 2
-101010
342044 (base 7) to base 2
1110110101000111
Convert 1114 (base 16) to base 8.
10424
-aa (base 11) to base 13
-93
What is -634 (base 8) in base 16?
-19c
3216 (base 10) to base 4
302100
What is 220 (base 6) in base 9?
103
Convert 2e29 (base 15) to base 2.
10011011010011
Convert 10bb9 (base 15) to base 7.
311214
What is 20020300 (base 4) in base 8?
101060
What is 15c6 (base 14) in base 3?
12100101
Convert 6b1 (base 13) to base 4.
102012
-52ae (base 15) to base 9
-25882
Convert 2023032 (base 5) to base 16.
807c
-668 (base 12) to base 14
-4b6
-4540 (base 7) to base 8
-3155
What is -89 (base 13) in base 9?
-135
What is 211152 (base 6) in base 11?
11965
710 (base 9) to base 12
400
What is 1b0b (base 13) in base 14?
16a7
Convert -5838 (base 11) to base 9.
-11455
What is -1101223 (base 5) in base 2?
-100100111111010
What is 587 (base 14) in base 9?
1451
-7dc (base 14) to base 12
-aa6
What is -882 (base 11) in base 2?
-10000100010
787f (base 16) to base 7
155635
What is 1a77 (base 12) in base 7?
12334
What is 1010443 (base 5) in base 9?
24412
What is -44420 (base 5) in base 11?
-2378
8d6e (base 15) to base 7
153356
13051 (base 7) to base 9
4671
-2de (base 15) to base 10
-659
What is 10261 (base 7) in base 14?
cd8
What is -1495 (base 13) in base 9?
-4087
Convert -697 (base 12) to base 4.
-33103
Convert -847 (base 15) to base 8.
-3513
-22202 (base 3) to base 9
-282
101001111 (base 2) to base 13
1ca
What is -26a3 (base 11) in base 5?
-103001
411516 (base 7) to base 3
10120100010
21130 (base 5) to base 7
4061
4033 (base 5) to base 6
2222
What is 113101 (base 4) in base 7?
4225
What is 302312 (base 4) in base 10?
3254
Convert 429 (base 10) to base 3.
120220
Convert -32318 (base 9) to base 16.
-5399
Convert 735 (base 14) to base 8.
2613
Convert 1110010000 (base 2) to base 16.
390
Convert -112011 (base 3) to base 9.
-464
Convert 1138 (base 13) to base 4.
211231
7361 (base 8) to base 11
2968
What is -10435 (base 11) in base 6?
-154111
26017 (base 9) to base 16
4468
144 (base 15) to base 9
351
What is 2760 (base 11) in base 2?
110111110111
Convert 110112 (base 3) to base 13.
200
What is 5367 (base 11) in base 12?
412b
What is -22550 (base 6) in base 16?
-ca2
-3143 (base 14) to base 3
-102122100
7c4 (base 13) to base 11
1011
What is -18cc3 (base 13) in base 12?
-23b70
What is 427 (base 11) in base 8?
1001
Convert -2125 (base 9) to base 7.
-4361
What is 1be (base 15) in base 3?
112222
What is 2653 (base 10) in base 13?
1291
-104 (base 10) to base 3
-10212
-3e3 (base 15) to base 3
-1012220
Convert -211200211 (base 3) to base 16.
-40a2
Convert -3a7a (base 16) to base 4.
-3221322
What is -211111100 (base 3) in base 9?
-24440
184a (base 11) to base 7
6601
What is -1652 (base 8) in base 5?
-12223
What is 2a57 (base 11) in base 5?
111214
Convert 406 (base 12) to base 5.
4312
Convert 110442 (base 7) to base 10.
19434
Convert -5075 (base 14) to base 12.
-7bbb
Convert -1193 (base 13) to base 4.
-212312
What is 14ba (base 14) in base 6?
25032
What is 19ab2 (base 12) in base 11?
264a0
What is -3326 (base 10) in base 16?
-cfe
Convert 2288 (base 11) to base 14.
1144
Convert -2120302 (base 4) to base 14.
-37c6
Convert 15582 (base 10) to base 12.
9026
Convert -1086 (base 12) to base 13.
-aaa
What is 1567 (base 12) in base 8?
4737
What is -b96 (base 13) in base 4?
-132332
Convert 32112220 (base 4) to base 3.
2222122111
11012012 (base 3) to base 12
1928
-2322034 (base 5) to base 4
-22102200
475 (base 8) to base 16
13d
Convert -21037 (base 9) to base 7.
-55324
Convert 453 (base 12) to base 9.
780
Convert -116c0 (base 14) to base 11.
-29a30
Convert -20301 (base 4) to base 7.
-1431
Convert -3012 (base 4) to base 10.
-198
-3ab (base 14) to base 16
-2e3
Convert 12000 (base 4) to base 8.
600
Convert 3a8 (base 14) to base 4.
23200
1228 (base 13) to base 2
101000001001
Convert 1837 (base 11) to base 15.
a5e
-375a (base 16) to base 15
-42ea
What is 3fb (base 16) in base 12?
70b
1030 (base 7) to base 4
11230
-b56 (base 12) to base 4
-121302
What is -111032 (base 4) in base 8?
-2516
-102321101 (base 4) to base 7
-441431
Convert 1001011011 (base 2) to base 12.
423
Convert -2908 (base 10) to base 16.
-b5c
What is 10114 (base 5) in base 16?
293
Convert -40347 (base 10) to base 3.
-2001100100
Convert 200102122 (base 3) to base 4.
3101330
What is 2100 (base 11) in base 4?
223133
Convert -6d (base 14) to base 12.
-81
What is -40421 (base 5) in base 11?
-1a64
Convert -251f (base 16) to base 3.
-111000222
3643 (base 13) to base 4
1313230
Convert -20100 (base 3) to base 11.
-146
837 (base 13) to base 6
10250
Convert 2314 (base 11) to base 15.
d7a
-1d1c (base 16) to base 12
-4390
What is dae (base 15) in base 2?
110000010001
What is 10220 (base 4) in base 16?
128
-4767 (base 8) to base 4
-213313
Convert 11032 (base 4) to base 16.
14e
Convert -f00 (base 16) to base 9.
-5236
What is -8618 (base 13) in base 9?
-27468
Convert -ad81 (base 15) to base 9.
-55424
What is 1011001101 (base 2) in base 16?
2cd
1431 (base 5) to base 4
3301
Convert 1e5 (base 15) to base 5.
3230
What is 2010 (base 5) in base 14?
143
Convert 345 (base 13) to base 6.
2340
What is -1711 (base 12) in base 4?
-222331
5511 (base 6) to base 12
897
Convert -742 (base 9) to base 2.
-1001011101
-26 (base 11) to base 7
-40
What is -77c9 (base 15) in base 9?
-37740
What is -16044 (base 7) in base 8?
-10613
What is 17eb (base 16) in base 6?
44203
Convert 1c3f (base 16) to base 6.
53251
What is 25626 (base 7